-82?
17adc
In base 2, what is -1111 - 11010001010010001001100?
-11010001010010001011011
In base 7, what is -2031115506 + 4?
-2031115502
In base 4, what is 3 - -22213300231?
22213300300
In base 12, what is 7633 - -2006?
9639
In base 8, what is 1 - -1376555?
1376556
In base 4, what is -120212330 - -33101?
-120113223
In base 16, what is 456 - 7ae5?
-768f
In base 15, what is -53 - -3680?
362c
In base 11, what is -6aa17a + -108?
-6aa287
In base 5, what is 1433 + 134313?
141301
In base 14, what is 12d - 7a64b?
-7a51c
In base 2, what is -10101111010101111010011101 - -100?
-10101111010101111010011001
In base 6, what is 2553541 + 214?
2554155
In base 8, what is -331100 - 1452?
-332552
In base 6, what is -42 - 12055241?
-12055323
In base 14, what is 54624 + 58?
5467c
In base 2, what is -100010010111011111010 + -10100101?
-100010010111110011111
In base 10, what is 19 - -508550?
508569
In base 2, what is 1 - 100111110111010110101110?
-100111110111010110101101
In base 14, what is -2b911cca + -5?
-2b911cd1
In base 8, what is 73202602 - -3?
73202605
In base 12, what is -30775 - -68b?
-300a6
In base 6, what is -2 + -342130550?
-342130552
In base 12, what is -11996 + -88a?
-12664
In base 6, what is 0 + 50325235510?
50325235510
In base 5, what is 1134232 - 44?
1134133
In base 4, what is -1000323110231032 + 0?
-1000323110231032
In base 4, what is 101320013320 - -12?
101320013332
In base 15, what is 4350486 + -5?
4350481
In base 11, what is -84522 - 24a?
-84771
In base 2, what is -101 - -1000110111011101111011100011?
1000110111011101111011011110
In base 4, what is -1312 + 2203012?
2201100
In base 2, what is -1000110011011 - 1011010111101?
-10100001011000
In base 15, what is -1812e78 - 1?
-1812e79
In base 8, what is -227 - -763352?
763123
In base 14, what is 663 - -1978?
21db
In base 16, what is 47deb7e + -7?
47deb77
In base 9, what is 624022 - -17?
624040
In base 2, what is -1110110001111001111 - -11000?
-1110110001110110111
In base 5, what is 20142030 + -23?
20142002
In base 9, what is 11325 + 4481?
15816
In base 11, what is -4a4 - -283128?
282734
In base 9, what is -3 + 301516123?
301516120
In base 12, what is -88bb5a - -2?
-88bb58
In base 9, what is -1073364 - 651?
-1074125
In base 12, what is 136 + -2774?
-263a
In base 7, what is -41422435202 - 3?
-41422435205
In base 8, what is 772167465 - -12?
772167477
In base 8, what is -37 + -221414?
-221453
In base 10, what is 11396 + -3619?
7777
In base 7, what is 10 - -2026465240?
2026465250
In base 8, what is 22472 + -27535?
-5043
In base 13, what is 4455 + -24?
4431
In base 2, what is -100011110 + 100100111011101110?
100100110111010000
In base 12, what is -224 + -352732?
-352956
In base 3, what is -1220220211211 + -12?
-1220220212000
In base 7, what is 12 + -202244504?
-202244462
In base 12, what is 1a3 + -13b659?
-13b476
In base 9, what is 71 + -62451?
-62370
In base 11, what is -6245a - -92?
-62378
In base 3, what is -10101212212101 + -20?
-10101212212121
In base 15, what is 63edc7 - 0?
63edc7
In base 14, what is 30 + 4db82?
4dbb2
In base 16, what is 4c - -75ce?
761a
In base 5, what is -3212 + 12030442?
12022230
In base 6, what is 1004540 - 202?
1004334
In base 2, what is -1011001010000111010 - 101?
-1011001010000111111
In base 4, what is 230022 + -2202310?
-1312222
In base 12, what is 105337 + 86b?
105ba6
In base 11, what is -2 + 3a26a4a7?
3a26a4a5
In base 16, what is -4fa0 + -7d?
-501d
In base 4, what is -21011201113 + -110?
-21011201223
In base 12, what is 1279130 - -160?
1279290
In base 3, what is -1 - -2211120000000?
2211112222222
In base 9, what is -2118555263 - 0?
-2118555263
In base 15, what is -2 + 2464756?
2464754
In base 5, what is 1 + 22341140432?
22341140433
In base 8, what is 70 - -2023433?
2023523
In base 9, what is 107752 + -25?
107726
In base 13, what is -b9 - -42a3c3?
42a307
In base 12, what is 1159 + ab716?
b0873
In base 12, what is -4a + 113624?
113596
In base 12, what is -6 - -b64300a?
b643004
In base 10, what is -18493455 + -2?
-18493457
In base 8, what is 477340562 + 2?
477340564
In base 5, what is 213 + -341132114?
-341131401
In base 2, what is 10110011000 - 1010001101011011111?
-1010001010101000111
In base 12, what is 4 + 13179358?
13179360
In base 11, what is 2317652 + 26?
2317678
In base 6, what is -1 + 4212245340?
4212245335
In base 5, what is 1230234 - 100040?
1130144
In base 3, what is 10212112101021000 - -100?
10212112101021100
In base 16, what is -1 - -30d85e?
30d85d
In base 16, what is 3 + -13f2864?
-13f2861
In base 9, what is -4 - 75246?
-75251
In base 10, what is 199213 + -5988?
193225
In base 9, what is -114286 + 2514?
-111672
In base 14, what is -5222 + -103d?
-6261
In base 2, what is 0 + 101110010011101100000011?
101110010011101100000011
In base 11, what is a878a64 + 3?
a878a67
In base 16, what is -4 + -1a4c6c?
-1a4c70
In base 12, what is 3 - -62b8145?
62b8148
In base 14, what is 32dc3 + c6?
330a9
In base 13, what is 6 + 56cb36?
56cb3c
In base 8, what is 44 - 4354004?
-4353740
In base 2, what is 1001011 - -110000011001110?
110000100011001
In base 14, what is 1b016 - 1a26?
193d0
In base 5, what is -24 - 3003440?
-3004014
In base 14, what is 8968 - -b8b1?
16439
In base 11, what is a869791 - 5?
a869787
In base 8, what is 0 - 440301344?
-440301344
In base 14, what is 1364 - 40c0?
-2b5a
In base 5, what is 110 - -2431043204?
2431043314
In base 6, what is -4 + 4434023222?
4434023214
In base 5, what is 133011331 + 4?
133011340
In base 5, what is -2 + 10441101303?
10441101301
In base 4, what is 11 - 110003323230?
-110003323213
In base 16, what is 23 + -3101?
-30de
In base 8, what is 46 + -56220336?
-56220270
In base 6, what is -1522320014 + 4?
-1522320010
In base 14, what is 6 + 42c9db?
42ca03
In base 16, what is 3c2476 + -2?
3c2474
In base 15, what is -3d671 + -22b?
-3d89c
In base 9, what is -182 - -513470?
513277
In base 4, what is -1103123010311322 + -2?
-1103123010311330
In base 15, what is -1 + 62b6a9?
62b6a8
In base 4, what is 30223133 + -231?
30222302
In base 13, what is 58 + 27b463?
27b4bb
In base 13, what is -170 - -aca2?
ab32
In base 2, what is 1001110011100010000 - 11?
1001110011100001101
In base 15, what is 13 - -16ce1?
16d04
In base 15, what is 2a8 + 2aa4?
2d5c
In base 11, what is 36 + 315753?
315789
In base 15, what is 1735d + -434?
16e29
In base 9, what is -102002 - 1251?
-103253
In base 15, what is -19801 - 9?
-1980a
In base 14, what is -3 - b97309?
-b9730c
In base 4, what is 311021003 - 2232?
311012111
In base 9, what is -1452 + -10026?
-11478
In base 12, what is -7970a - 1b?
-79729
In base 4, what is -10300003011012 - -31?
-10300003010321
In base 9, what is -4 + -262837114?
-262837118
In base 7, what is 21453400 - -33?
21453433
In base 11, what is 1816 - -38a5a?
3a775
In base 7, what is -24625146 - -63?
-24625053
In base 9, what is -173223 + -234?
-173457
In base 8, what is -150636 - -1023?
-147613
In base 4, what is -23331 - -1121120300?
1121030303
In base 4, what is 3 + 31030121321?
31030121330
In base 6, what is 13054 - 415334?
-402240
In base 14, what is -3 - -29b6ab?
29b6a8
In base 11, what is -27280 + 504?
-26877
In base 16, what is 1953 - -c?
195f
In base 8, what is 166 - 612203?
-612015
In base 13, what is -118 - -60729?
60611
In base 10, what is 0 - -62795727?
62795727
In base 2, what is 1001 + 1010100000111110011110000001?
1010100000111110011110001010
In base 8, what is 3 + 72154650?
72154653
In base 9, what is -82787 + 124?
-82663
In base 4, what is -100301012 - -1020013?
-33220333
In base 14, what is d905 + -133?
d7b2
In base 11, what is 2 + -10a8791?
-10a878a
In base 12, what is 1281182 - -2?
1281184
In base 5, what is 204444 + -14302?
140142
In base 13, what is 1 - -21a762c5?
21a762c6
In base 14, what is 5b5b2c2 - 2?
5b5b2c0
In base 8, what is -240 + -346052?
-346312
In base 16, what is 2eb + -87cb1?
-879c6
In base 5, what is 24000144 + 1033?
24001232
In base 3, what is 10 + 11010202011221?
11010202012001
In base 4, what is -1133113021122 - 2?
-1133113021130
In base 3, what is -10 - 1020010011010120?
-1020010011010200
In base 16, what is -a0f7 - -f4?
-a003
In base 2, what is -11001010 + -1100111001100111011?
-1100111010000000101
In base 6, what is -5 + -10131231404?
-10131231413
In base 9, what is -2760 + -8073?
-11843
In base 2, what is -1 + -10011